 78061?
0
What is the tens digit of 2030?
3
What is the tens digit of 19459?
5
What is the thousands digit of 16975?
6
What is the hundreds digit of 9858?
8
What is the hundreds digit of 574?
5
What is the hundreds digit of 1980?
9
What is the tens digit of 2308?
0
What is the thousands digit of 185455?
5
What is the units digit of 140?
0
What is the tens digit of 391?
9
What is the tens digit of 349?
4
What is the tens digit of 48125?
2
What is the units digit of 2657?
7
What is the tens digit of 10883?
8
What is the thousands digit of 1152?
1
What is the hundreds digit of 3615?
6
What is the ten thousands digit of 85298?
8
What is the hundreds digit of 1885?
8
What is the units digit of 1140?
0
What is the hundreds digit of 371?
3
What is the units digit of 10556?
6
What is the hundreds digit of 1060?
0
What is the units digit of 967?
7
What is the ten thousands digit of 24208?
2
What is the tens digit of 12684?
8
What is the units digit of 4864?
4
What is the tens digit of 1852?
5
What is the units digit of 7882?
2
What is the units digit of 5502?
2
What is the units digit of 261?
1
What is the units digit of 16418?
8
What is the hundreds digit of 20992?
9
What is the thousands digit of 4020?
4
What is the hundreds digit of 40258?
2
What is the tens digit of 376?
7
What is the hundreds digit of 1213?
2
What is the tens digit of 467?
6
What is the tens digit of 1197?
9
What is the hundreds digit of 116837?
8
What is the thousands digit of 6324?
6
What is the ten thousands digit of 170967?
7
What is the tens digit of 25448?
4
What is the units digit of 2632?
2
What is the thousands digit of 17618?
7
What is the tens digit of 6071?
7
What is the units digit of 1286?
6
What is the hundreds digit of 584?
5
What is the thousands digit of 7966?
7
What is the hundreds digit of 90662?
6
What is the hundreds digit of 5051?
0
What is the tens digit of 3061?
6
What is the tens digit of 237?
3
What is the units digit of 3920?
0
What is the tens digit of 9467?
6
What is the hundreds digit of 1041?
0
What is the hundred thousands digit of 128489?
1
What is the tens digit of 2460?
6
What is the thousands digit of 1567?
1
What is the units digit of 13355?
5
What is the units digit of 1622?
2
What is the units digit of 3340?
0
What is the tens digit of 11394?
9
What is the ten thousands digit of 50493?
5
What is the units digit of 502?
2
What is the units digit of 2659?
9
What is the tens digit of 1856?
5
What is the units digit of 543?
3
What is the hundreds digit of 1256?
2
What is the tens digit of 97298?
9
What is the tens digit of 1024?
2
What is the units digit of 11509?
9
What is the tens digit of 894?
9
What is the units digit of 1043?
3
What is the units digit of 3189?
9
What is the hundreds digit of 2533?
5
What is the tens digit of 30153?
5
What is the units digit of 1567?
7
What is the hundreds digit of 50966?
9
What is the units digit of 3129?
9
What is the thousands digit of 46873?
6
What is the hundreds digit of 548?
5
What is the hundreds digit of 8126?
1
What is the tens digit of 1511?
1
What is the units digit of 9496?
6
What is the hundreds digit of 1558?
5
What is the hundreds digit of 2712?
7
What is the hundreds digit of 17591?
5
What is the tens digit of 2773?
7
What is the tens digit of 911?
1
What is the tens digit of 504?
0
What is the units digit of 432?
2
What is the hundreds digit of 335?
3
What is the hundreds digit of 346?
3
What is the tens digit of 3662?
6
What is the tens digit of 1257?
5
What is the tens digit of 2571?
7
What is the units digit of 36561?
1
What is the units digit of 30018?
8
What is the tens digit of 139027?
2
What is the units digit of 766?
6
What is the thousands digit of 5481?
5
What is the units digit of 7378?
8
What is the thousands digit of 1571?
1
What is the ten thousands digit of 136202?
3
What is the units digit of 5253?
3
What is the units digit of 40355?
5
What is the tens digit of 470?
7
What is the thousands digit of 5994?
5
What is the units digit of 2642?
2
What is the hundreds digit of 1694?
6
What is the thousands digit of 1668?
1
What is the units digit of 43867?
7
What is the thousands digit of 2252?
2
What is the thousands digit of 11801?
1
What is the units digit of 1931?
1
What is the units digit of 146382?
2
What is the units digit of 2971?
1
What is the thousands digit of 3999?
3
What is the ten thousands digit of 90608?
9
What is the tens digit of 31329?
2
What is the tens digit of 10602?
0
What is the thousands digit of 31929?
1
What is the thousands digit of 21932?
1
What is the hundreds digit of 12944?
9
What is the thousands digit of 11068?
1
What is the thousands digit of 79988?
9
What is the ten thousands digit of 17725?
1
What is the ten thousands digit of 20129?
2
What is the ten thousands digit of 121959?
2
What is the hundreds digit of 549?
5
What is the hundreds digit of 194?
1
What is the hundreds digit of 78011?
0
What is the tens digit of 2431?
3
What is the thousands digit of 3207?
3
What is the hundreds digit of 5343?
3
What is the tens digit of 760?
6
What is the hundreds digit of 5589?
5
What is the units digit of 105695?
5
What is the hundreds digit of 1884?
8
What is the hundreds digit of 8568?
5
What is the units digit of 7881?
1
What is the units digit of 10985?
5
What is the units digit of 1428?
8
What is the thousands digit of 85220?
5
What is the ten thousands digit of 67945?
6
What is the units digit of 2496?
6
What is the thousands digit of 4862?
4
What is the ten thousands digit of 11251?
1
What is the tens digit of 14880?
8
What is the hundreds digit of 12470?
4
What is the hundreds digit of 3331?
3
What is the thousands digit of 1047?
1
What is the hundreds digit of 3952?
9
What is the hundreds digit of 158?
1
What is the ten thousands digit of 24903?
2
What is the hundreds digit of 68053?
0
What is the units digit of 1072?
2
What is the thousands digit of 5639?
5
What is the units digit of 16000?
0
What is the ten thousands digit of 63694?
6
What is the units digit of 243?
3
What is the tens digit of 5998?
9
What is the hundreds digit of 3899?
8
What is the thousands digit of 77711?
7
What is the units digit of 49455?
5
What is the tens digit of 4305?
0
What is the units digit of 1429?
9
What is the thousands digit of 23116?
3
What is the units digit of 43849?
9
What is the hundreds digit of 422?
4
What is the units digit of 32703?
3
What is the thousands digit of 16832?
6
What is the units digit of 633?
3
What is the thousands digit of 27729?
7
What is the units digit of 3640?
0
What is the ten thousands digit of 53689?
5
What is the tens digit of 753?
5
What is the thousands digit of 2090?
2
What is the ten thousands digit of 62278?
6
What is the hundreds digit of 5534?
5
What is the units digit of 69351?
1
What is the hundreds digit of 97852?
8
What is the hundred thousands digit of 126965?
1
What is the ten thousands digit of 12481?
1
What is the units digit of 240?
0
What is the thousands digit of 14522?
4
What is the units digit of 3480?
0
What is the tens digit of 1909?
0
What is the units digit of 1795?
5
What is the tens digit of 190?
9
What is the units digit of 38941?
1
What is the units digit of 375?
5
What is the units digit of 80?
0
What is the tens digit of 1428?
2
What is the ten thousands digit of 31622?
3
What is the hundreds digit of 384?
3
What is the hundreds digit of 95554?
5
What is the units digit of 6?
6
What is the hundreds digit of 2423?
4
What is the thousands digit of 63256?
3
What is the tens digit of 8271?
7
What is the thousands digit of 1426?
1
What is the units digit of 6404?
4
What is the thousands digit of 15382?
5
What is the tens digit of 59043?
4
What is the hundreds digit of 11508?
5
What is the hundreds digit of 1016?
0
What is the hundreds digit of 833?
8
What is the units digit of 3134?
4
What is the thousands digit of 2298?
2
What is the tens digit of 12344?
4
What is the tens digit of 39124?
2
What is the units digit of 3580?
0
What is the thousands digit of 1134?
1
What is the units digit of 201?
1
What is the hundreds digit of 26437?
4
What is the hundreds digit of 7319?
3
What is the tens digit of 7708?
0
What is the hundreds digit of 4081?
0
What is the hundreds digit of 20929?
9
What is the units 